 - 3*y - 2. List the prime factors of l(-2).
2, 5
Let s = 381 + -252. What are the prime factors of s?
3, 43
Let m(r) = -r**3 - 15*r**2 - 10*r + 5. List the prime factors of m(-15).
5, 31
Suppose 22 = 5*l - 3*l. Suppose -j + 3 = 2*y - l, 41 = 5*y + 4*j. List the prime factors of y.
5
Suppose q + 11 = 5*y, -4*y - 3 + 7 = 4*q. What are the prime factors of y?
2
Suppose 0 = -4*w - 5*d + 10, -d = 3*w + 2*d - 6. Suppose -3*i + 6*i - 24 = w. Suppose -3*q + i*q - 75 = 0. What are the prime factors of q?
3, 5
Suppose -2*i + 468 = 4*l, i - 291 = -3*l - 56. Suppose 0 = k + 3*k - i. List the prime factors of k.
2, 29
Let k(f) = f - 7. Let h be k(4). Suppose -2*g = -25 + 7. List the prime factors of 3/g - 32/h.
11
Suppose -3*t + 6 = -3. Suppose -4*o + 9 = -t*o. What are the prime factors of o?
3
Let a = -31 - -19. Let l be 33/a*(1 + -9). Let m = l + -7. What are the prime factors of m?
3, 5
Let s be 12/(-4) + 3 + 1. Suppose 0 = t + s, 0*t = 5*y + 4*t - 81. List the prime factors of y.
17
Let v(z) = -z**3 + 10*z**2 + 13*z. List the prime factors of v(9).
2, 3, 11
List the prime factors of (-8)/(-60) + (-21772)/(-60).
3, 11
Suppose 3*w + 1347 = 5*n + 418, -5*n + 2*w + 931 = 0. What are the prime factors of n?
11, 17
Let l(c) = -15*c - 14. List the prime factors of l(-5).
61
List the prime factors of ((-8)/(-12))/(4/150).
5
Let r = -61 + 91. List the prime factors of r/4*70/15.
5, 7
Let h(n) = 6*n**3 + n**2 - n. List the prime factors of h(2).
2, 5
Suppose -n - n = -590. What are the prime factors of n?
5, 59
Let c(q) = 3*q - 2. Let j be c(3). Let k = j - 3. List the prime factors of k.
2
Suppose -5*h - 105 = -d, 4*d - 3*h - 462 = -4*h. What are the prime factors of d?
5, 23
Suppose k = -6*k + 245. What are the prime factors of k?
5, 7
Let o(q) = 4*q**2 - 8*q + 14. What are the prime factors of o(4)?
2, 23
Let v be 1/(-3)*2*-3. Suppose 8 + 6 = v*j. What are the prime factors of j?
7
Let v be 1/(((-9)/69)/(-3)). Suppose -5*o + 156 = -4*c, 3*o - v = 4*c + 69. Suppose -s - s = -o. What are the prime factors of s?
2
Suppose 4*j = 39 + 61. Suppose -l = -1, l = -h + 2*l + j. List the prime factors of h.
2, 13
Suppose q = -0*q + 1. Let g be 0 + q + (2 - 3). Suppose 16 = -t + 5*d, g*t - 3*t = -5*d + 8. What are the prime factors of t?
2
Let j(p) = -p**2 + 6. Let r be j(0). Suppose -54 = -4*s - 5*z, 8 = -r*z + 2*z. Suppose 4*x - 44 = 2*g, s = -5*g + 36. What are the prime factors of x?
13
Let g(t) = 14*t. List the prime factors of g(1).
2, 7
Let k(d) = -d**3 + 3*d**2 + 3. Let j = 13 - 9. Let m be k(j). Let c = 20 + m. List the prime factors of c.
7
Let m = -67 - -111. What are the prime factors of m?
2, 11
Suppose 7107 = 26*x - 3*x. List the prime factors of x.
3, 103
Let w(z) = 9 + 2*z**3 - 9*z**3 + 8*z**2 + 6*z**3. What are the prime factors of w(8)?
3
Suppose -4*r + 295 = -3*k - 50, -2*r + 159 = 3*k. Let j = -44 + r. What are the prime factors of j?
2, 5
Let z = 6 + -4. Suppose -4*x + 3*k = -35, x + z*x - k - 25 = 0. List the prime factors of (2 + -1 + 1)*x.
2
Suppose 4*c - 3*m = -5*m + 6, 0 = -3*c - 2*m + 4. Suppose 2*n - 12 = -c*n. List the prime factors of ((-2)/n)/((-2)/30).
2, 5
Let o = 18 - 29. Let i = o + 23. List the prime factors of i.
2, 3
Let g(r) = r**3 - 6*r**2 + 7. Let b be (6/(-9))/((-1)/9). Let m be g(b). Suppose 0 = i - 2 - m. What are the prime factors of i?
3
Let u = -95 - -233. List the prime factors of u.
2, 3, 23
Let t(z) = 2*z**2 + 3*z - 1. Let f = 22 + -25. What are the prime factors of t(f)?
2
Let t be 0/(0 + (-3)/1). Suppose t*b + 36 = 3*b. List the prime factors of b.
2, 3
Suppose 3*f + 2 + 4 = 0. Let q be 1*5*(3 + f). List the prime factors of 2/1 + 20/q.
2, 3
Suppose -2*i = 2, -3*b - 2*i = 3*i + 11. Let u be (-3)/((-3)/b) - -6. What are the prime factors of u + -3 - 15/(-1)?
2
Suppose -18 = -h + 4*l - 0*l, -9 = 3*l. Suppose 0 = k + k - h. What are the prime factors of k?
3
Suppose 7*g - 101 = -31. Let v(y) = -y + 1. Let k be v(-1). Suppose -5*o - g = -b, -k = -4*b + 4*o + 38. List the prime factors of b.
2, 5
Let s = -54 - -135. What are the prime factors of s?
3
List the prime factors of 74*(7/(-2) - -4).
37
Suppose 6*s - s + 5*j = 150, 4*j + 104 = 4*s. Let h = 48 - s. What are the prime factors of 168/h + 4/(-10)?
2
Let a(r) = 4*r + 3. Let p be a(7). Let q = -17 + p. List the prime factors of q.
2, 7
Let k(b) = -b + 10. Let u(o) = -o**2 - 11*o. Let r be u(-11). Suppose r = -5*d, -5*m - 2*d = -2*m. What are the prime factors of k(m)?
2, 5
Suppose -5*b + 56 = -54. What are the prime factors of b?
2, 11
Suppose -h + 0*n - 3*n - 11 = 0, -4*h = -3*n - 31. Suppose 3*b - 8 - h = 0, 2*d + 2*b - 34 = 0. List the prime factors of d.
13
Suppose 4*y = -2*y + 108. List the prime factors of y.
2, 3
Suppose -5*p = -23 + 3. Suppose -3*a + p = -5*a, 0 = 5*x + 2*a - 116. What are the prime factors of x?
2, 3
Let g(z) = -z - 3. Suppose 43 + 7 = -5*u. What are the prime factors of g(u)?
7
Let m(o) = o + 14. Let d be m(-11). Suppose -2*p = -35 + d. What are the prime factors of p?
2
Let g(b) = 38*b**3 + 1. Let m = 3 + -4. Let n be g(m). List the prime factors of (-2)/8 + n/(-4).
3
Let i(s) = s**3 + 5*s**2 - 6*s - 2. Let q be i(-6). Let w = 5 + q. List the prime factors of w.
3
Let a = 25 - 2. Suppose 0 = 4*r - a - 5. What are the prime factors of r?
7
Suppose -4*w + 4 = -3*w. List the prime factors of (-10)/(w/(-2))*1.
5
Suppose -c - 9 = -4*c. List the prime factors of c.
3
Let p(z) be the second derivative of -z**4/12 - 4*z**3/3 - z**2/2 - z. Let y be p(-7). Let v = -4 + y. What are the prime factors of v?
2
Let j = 91 + -59. What are the prime factors of j?
2
Let u = 32 + -5. List the prime factors of u.
3
Let n = 72 + 1. List the prime factors of n.
73
Let g = -29 + 43. Suppose -5*o = -3*t - 58, 4*t + 68 = 2*o + g. Let w = 19 + t. List the prime factors of w.
2
Let t = 7 + -11. Let x be (0 - t)*(-58)/(-4). Suppose 0 = -4*n + 30 + x. What are the prime factors of n?
2, 11
Let r = 2 + 1. Suppose -r*y = -0*y - 24. List the prime factors of y.
2
What are the prime factors of 0 + (-2 - -6) + 50?
2, 3
Let s = -71 + 85. List the prime factors of s.
2, 7
Suppose -4*n + 23 = -5*r, 0*n - 4*n - r + 5 = 0. Suppose z = q - 2 - 3, -22 = n*z + 2*q. What are the prime factors of 4/z*(1 + -19)?
3
Let m(o) be the third derivative of o**5/20 - o**4/12 - o**3/6 + o**2. List the prime factors of m(3).
2, 5
Let c be (-1)/1*(-116)/(-4). Let j = 1 + c. List the prime factors of j/(-2) - (4 + -2).
2, 3
Suppose -4*b - 15 = b. Let f be 1/2*(b + 3). Let s(m) = -m + 9. What are the prime factors of s(f)?
3
Suppose -3*x = -57 + 3. Suppose -5*q - 3*l = l - x, -3*q + 24 = -2*l. Suppose q = 3*p - p. What are the prime factors of p?
3
Suppose -35 - 117 = -4*k. List the prime factors of k.
2, 19
Let f(a) = -a - 2. Let h be f(-3). Let m be (h/1)/((-4)/(-28)). Let w = m - 5. What are the prime factors of w?
2
Suppose -3*s + s + 8 = 0, -4*q + 2*s = -264. What are the prime factors of q?
2, 17
Suppose -7 + 27 = 5*o. Suppose 3*n = o*n - 6. Suppose -3*d = 0, -n = -3*h + d + 3. List the prime factors of h.
3
Suppose -2*k = -5*g + 79, k + 8 = -3*k. Suppose 3*n - g = -2*n. Suppose -3 = -0*j - n*j, -5*j = -3*i + 1. What are the prime factors of i?
2
Let z = -2 + 5. Let s = -72 + 131. Suppose -86 = -4*w + q, 3*w + 5*q - z*q - s = 0. List the prime factors of w.
3, 7
Let n = -25 - -50. Suppose 5 = -5*t + n, -2*u - 8 = -3*t. List the prime factors of (-25)/(-3) - u/6.
2
Let w(h) = h**2 + 8*h + 7. Let a be w(-7). Suppose a = 4*r - 5*r + 14. List the prime factors of r.
2, 7
Let y(q) = q - 2. Suppose -3*h + 15 = -5*i, -i + 5 = -3*h + 4*h. Suppose i = -c + 6 - 1. List the prime factors of y(c).
3
Let r(h) be the second derivative of -5*h**3/6 + h**2/2 + h. Let u be r(1). Let o(s) = -s**3 - 3*s**2 + s - 1. What are the prime factors of o(u)?
11
Let q be (-3 - 1)/(2/(-1)). Suppose 0 = -3*b + q*b + 3. What are the prime factors of b?
3
Let m = -11 + 15. What are the prime factors of m?
2
Suppose 0 = -5*g + 10, -2*g = 4*u - 56 + 16. List the prime factors of u.
3
Let l = -8 + 46. List the prime factors of l.
2, 19
Let n = -6 - 1. Let j = 11 + n. What are the prime factors of j?
2
Let n(l) = l - 7. Let s be n(5). Let b be 35/3 + s/(-6). Suppose 0 = 4*d - 4*a - 80, -2*d + b + 8 = 3*a. What are the prim